{"id":57,"date":"2025-05-03T06:26:49","date_gmt":"2025-05-03T06:26:49","guid":{"rendered":"https:\/\/zahnarztpraxis-cernovsky.de\/apotheke\/?post_type=product&#038;p=57"},"modified":"2025-05-03T06:26:49","modified_gmt":"2025-05-03T06:26:49","slug":"vigora-xl","status":"publish","type":"product","link":"https:\/\/zahnarztpraxis-cernovsky.de\/apotheke\/product\/vigora-xl\/","title":{"rendered":"Vigora XL"},"content":{"rendered":"\r\n<h2 class=\"wp-block-heading\"><strong>Vigora XL Bewertung<\/strong><\/h2>\r\n\r\n<p class=\"\" data-start=\"2167\" data-end=\"2274\">Die Leistung im Bett ist nicht mehr wie fr\u00fcher? Deine Ausdauer ist geringer, und du f\u00fchlst dich unsicher?<\/p>\r\n<p class=\"\" data-start=\"2276\" data-end=\"2382\">Das passiert vielen M\u00e4nnern. Deshalb wird <strong data-start=\"2318\" data-end=\"2331\">Vigora XL<\/strong> angeboten \u2013 als Hilfe f\u00fcr mehr Libido und Kraft.<\/p>\r\n<p class=\"\" data-start=\"2384\" data-end=\"2456\">Doch ist das nur Werbung? Oder steckt etwas dahinter? Erfahre hier mehr.<\/p>\r\n\r\n<h2 class=\"wp-block-heading\"><strong>Vigora XL \u2013 Wirkungen und Vorteile<\/strong><\/h2>\r\n<p class=\"\" data-start=\"2384\" data-end=\"2456\"><\/p>\r\n<p class=\"\" data-start=\"3626\" data-end=\"3750\"><strong data-start=\"3626\" data-end=\"3639\">Vigora XL<\/strong> ist ein Nahrungserg\u00e4nzungsmittel, das zur Verbesserung der sexuellen Funktion beitr\u00e4gt. Die Vorteile umfassen:<\/p>\r\n\r\n<ul data-start=\"3752\" data-end=\"4220\">\r\n \t<li class=\"\" data-start=\"3752\" data-end=\"3864\">\r\n<p class=\"\" data-start=\"3754\" data-end=\"3864\"><strong data-start=\"3754\" data-end=\"3782\">Bessere Blutzirkulation:<\/strong> F\u00f6rdert die Blutzuf\u00fchrung zu den Genitalien und unterst\u00fctzt eine starke Erektion.<\/p>\r\n<\/li>\r\n \t<li class=\"\" data-start=\"3865\" data-end=\"3951\">\r\n<p class=\"\" data-start=\"3867\" data-end=\"3951\"><strong data-start=\"3867\" data-end=\"3893\">Steigerung der Libido:<\/strong> Nat\u00fcrliche Inhaltsstoffe steigern das sexuelle Verlangen.<\/p>\r\n<\/li>\r\n \t<li class=\"\" data-start=\"3952\" data-end=\"4040\">\r\n<p class=\"\" data-start=\"3954\" data-end=\"4040\"><strong data-start=\"3954\" data-end=\"3976\">Stressreduzierung:<\/strong> Helfen, Stress abzubauen und das sexuelle Erlebnis zu genie\u00dfen.<\/p>\r\n<\/li>\r\n \t<li class=\"\" data-start=\"4041\" data-end=\"4134\">\r\n<p class=\"\" data-start=\"4043\" data-end=\"4134\"><strong data-start=\"4043\" data-end=\"4072\">Hormonelle Unterst\u00fctzung:<\/strong> F\u00f6rdert das hormonelle Gleichgewicht f\u00fcr eine gesunde Libido.<\/p>\r\n<\/li>\r\n \t<li class=\"\" data-start=\"4135\" data-end=\"4220\">\r\n<p class=\"\" data-start=\"4137\" data-end=\"4220\"><strong data-start=\"4137\" data-end=\"4155\">Mehr Ausdauer:<\/strong> Erh\u00f6ht die k\u00f6rperliche Ausdauer und hilft, l\u00e4nger durchzuhalten.<\/p>\r\n<\/li>\r\n<\/ul>\r\n<p class=\"\" data-start=\"4222\" data-end=\"4263\"><strong data-start=\"4222\" data-end=\"4263\">Jetzt bestellen \u2013 Rabatt bis zu 50 %!<\/strong><\/p>\r\n\r\n<h2 class=\"wp-block-heading\"><strong>Was ist Vigora XL?<\/strong><\/h2>\r\n<p class=\"\" data-start=\"2834\" data-end=\"2991\">F\u00fchlst du dich im Schlafzimmer oft energielos? <strong data-start=\"2881\" data-end=\"2894\">Vigora XL<\/strong> wurde f\u00fcr M\u00e4nner wie dich entwickelt. Es soll helfen, wieder mehr Ausdauer und Lust zu bekommen.<\/p>\r\n<p class=\"\" data-start=\"2993\" data-end=\"3137\">Die Kapseln bestehen aus nat\u00fcrlichen Stoffen. Sie verbessern die Blutzirkulation, bringen mehr Energie und unterst\u00fctzen die sexuelle Gesundheit.<\/p>\r\n<p class=\"\" data-start=\"3139\" data-end=\"3166\"><strong data-start=\"3139\" data-end=\"3164\">Nutzen von Vigora XL:<\/strong><\/p>\r\n\r\n<ul data-start=\"3167\" data-end=\"3281\">\r\n \t<li class=\"\" data-start=\"3167\" data-end=\"3191\">\r\n<p class=\"\" data-start=\"3169\" data-end=\"3191\">Bessere Durchblutung<\/p>\r\n<\/li>\r\n \t<li class=\"\" data-start=\"3192\" data-end=\"3220\">\r\n<p class=\"\" data-start=\"3194\" data-end=\"3220\">Mehr Motivation beim Sex<\/p>\r\n<\/li>\r\n \t<li class=\"\" data-start=\"3221\" data-end=\"3256\">\r\n<p class=\"\" data-start=\"3223\" data-end=\"3256\">L\u00e4ngere und st\u00e4rkere Erlebnisse<\/p>\r\n<\/li>\r\n \t<li class=\"\" data-start=\"3257\" data-end=\"3281\">\r\n<p class=\"\" data-start=\"3259\" data-end=\"3281\">Mehr Kraft im Alltag<\/p>\r\n<\/li>\r\n<\/ul>\r\n\r\n<h2 class=\"wp-block-heading\"><strong>Wie wirkt Vigora XL?<\/strong><\/h2>\r\n\r\n<p class=\"\" data-start=\"210\" data-end=\"394\"><strong data-start=\"210\" data-end=\"222\">VigoraXL<\/strong> wurde entwickelt, um die sexuelle Gesundheit von M\u00e4nnern zu verbessern. Es nutzt die Wirkung von <strong data-start=\"320\" data-end=\"335\">Flavonoiden<\/strong> \u2013 das sind nat\u00fcrliche Stoffe mit antioxidativer Wirkung.<\/p>\r\n<p class=\"\" data-start=\"396\" data-end=\"557\">Flavonoide sch\u00fctzen die Zellen und helfen, Sch\u00e4den durch Stress und Umwelt zu verhindern. Sie verbessern den Blutfluss, was wichtig f\u00fcr eine gute Erektion ist.<\/p>\r\n<p class=\"\" data-start=\"559\" data-end=\"663\">Studien zeigen, dass eine Ern\u00e4hrung mit vielen Flavonoiden das Risiko f\u00fcr Erektionsprobleme senken kann.<\/p>\r\n<p data-start=\"559\" data-end=\"663\"><\/p>\r\n\r\n<h2 class=\"wp-block-heading\"><strong>Vigora XL Inhaltsstoffe<\/strong><\/h2>\r\n<p data-start=\"559\" data-end=\"663\"><\/p>\r\n\r\n<ul data-start=\"931\" data-end=\"1262\">\r\n \t<li class=\"\" data-start=\"931\" data-end=\"1000\">\r\n<p class=\"\" data-start=\"933\" data-end=\"1000\"><strong data-start=\"933\" data-end=\"949\">Ziegenkraut:<\/strong> F\u00f6rdert bessere Erektionen durch mehr Blutfluss.<\/p>\r\n<\/li>\r\n \t<li class=\"\" data-start=\"1001\" data-end=\"1060\">\r\n<p class=\"\" data-start=\"1003\" data-end=\"1060\"><strong data-start=\"1003\" data-end=\"1019\">Tongkat Ali:<\/strong> Bekannt f\u00fcr mehr Lust und Testosteron.<\/p>\r\n<\/li>\r\n \t<li class=\"\" data-start=\"1061\" data-end=\"1119\">\r\n<p class=\"\" data-start=\"1063\" data-end=\"1119\"><strong data-start=\"1063\" data-end=\"1077\">S\u00e4gepalme:<\/strong> Gut f\u00fcr die Prostata und Hormonbalance.<\/p>\r\n<\/li>\r\n \t<li class=\"\" data-start=\"1120\" data-end=\"1189\">\r\n<p class=\"\" data-start=\"1122\" data-end=\"1189\"><strong data-start=\"1122\" data-end=\"1144\">Brennnesselwurzel:<\/strong> Unterst\u00fctzt den m\u00e4nnlichen Hormonhaushalt.<\/p>\r\n<\/li>\r\n \t<li class=\"\" data-start=\"1190\" data-end=\"1262\">\r\n<p class=\"\" data-start=\"1192\" data-end=\"1262\"><strong data-start=\"1192\" data-end=\"1209\">Sarsaparilla:<\/strong> Wird traditionell bei sexueller Schw\u00e4che eingesetzt.<\/p>\r\n<\/li>\r\n<\/ul>\r\n\r\n<h2 class=\"wp-block-heading\"><strong>Vigora XL Anwendung und Dosierung<\/strong><\/h2>\r\n<p class=\"\" data-start=\"1929\" data-end=\"2225\">Die empfohlene Dosierung von <strong data-start=\"1990\" data-end=\"2003\">Vigora XL<\/strong> ist eine Kapsel pro Tag. Nehmen Sie die Kapsel mit einem gro\u00dfen Glas Wasser, etwa 30 Minuten vor dem geplanten Sexualakt. Achten Sie darauf, nicht mehr als die empfohlene Menge einzunehmen, um Nebenwirkungen zu vermeiden.<\/p>\r\n\r\n<h2 class=\"wp-block-heading\"><strong>Vigora XL Preis<\/strong><\/h2>\r\n<p class=\"\" data-start=\"1929\" data-end=\"2225\"><\/p>\r\n<p class=\"\" data-start=\"2477\" data-end=\"2650\">Der Preis f\u00fcr eine Flasche Vigora XL liegt bei 54,95 \u20ac f\u00fcr 60 Kapseln, die etwa f\u00fcr einen Monat reichen.<br data-start=\"2604\" data-end=\"2607\" \/>Bundle-Angebote sind ebenfalls verf\u00fcgbar:<\/p>\r\n\r\n<ul data-start=\"2651\" data-end=\"2880\">\r\n \t<li class=\"\" data-start=\"2651\" data-end=\"2702\">\r\n<p class=\"\" data-start=\"2653\" data-end=\"2702\">3-Flaschen-Pack \u2013 89,95 \u20ac (29,98 \u20ac pro Flasche)<\/p>\r\n<\/li>\r\n \t<li class=\"\" data-start=\"2703\" data-end=\"2880\">\r\n<p class=\"\" data-start=\"2705\" data-end=\"2880\">5-Flaschen-Pack \u2013 109,95 \u20ac (21,99 \u20ac pro Flasche)<br data-start=\"2753\" data-end=\"2756\" \/>Durch den Kauf von Bundles wird der Preis pro Flasche g\u00fcnstiger. Der Versand innerhalb der EU erfolgt kostenlos und schnell.<\/p>\r\n<\/li>\r\n<\/ul>\r\n\r\n<h2 class=\"wp-block-heading\"><strong>Vigora XL Vorsichtsma\u00dfnahmen und Nebenwirkungen<\/strong><\/h2>\r\n<p class=\"\" data-start=\"1726\" data-end=\"1998\">Diese Kapseln haben keine bekannten Nebenwirkungen, aber im Falle einer Allergie oder Unvertr\u00e4glichkeit gegen\u00fcber den Inhaltsstoffen sollten Sie die Anwendung vermeiden. Lesen Sie die Liste der Inhaltsstoffe, um Allergien auszuschlie\u00dfen.<\/p>\r\n\r\n<h2 class=\"wp-block-heading\"><strong>Vigora XL \u2013 Bewertungen und Erfahrungsberichte<\/strong><\/h2>\r\n<p class=\"\" data-start=\"3922\" data-end=\"4073\">Viele Nutzer berichten von positiven Ergebnissen mit Vigora XL. Hier sind drei Erfahrungsberichte:<\/p>\r\n<p class=\"\" data-start=\"4075\" data-end=\"4250\">\u201eNach einigen Wochen mit Vigora XL f\u00fchle ich mich viel energiegeladener. Meine sexuellen Leistungen sind viel besser geworden, und ich f\u00fchle mich st\u00e4rker und selbstbewusster.\u201c<\/p>\r\n<p class=\"\" data-start=\"4252\" data-end=\"4451\">\u201eVigora XL hat mir geholfen, meine Ausdauer sowohl bei der Arbeit als auch im Fitnessstudio zu steigern. Meine sexuellen Leistungen sind ebenfalls besser. Ich bin mit den Ergebnissen sehr zufrieden!\u201c<\/p>\r\n<p class=\"\" data-start=\"4453\" data-end=\"4632\">\u201eFr\u00fcher war ich oft m\u00fcde und energielos, aber mit Vigora XL habe ich viel mehr Energie. Auch meine sexuelle Gesundheit hat sich erheblich verbessert. Ein wirklich tolles Produkt!\u201c<\/p>\r\n\r\n<h2 class=\"wp-block-heading\"><strong>Vigora XL Bewertungen: Abschluss<\/strong><\/h2>\r\n<p class=\"\" data-start=\"3937\" data-end=\"4313\">Vigora XL k\u00f6nnte die richtige Wahl f\u00fcr dich sein, wenn du mehr Energie, Ausdauer und Selbstvertrauen w\u00fcnschst. Viele Benutzer haben bemerkenswerte Verbesserungen ihrer Leistung festgestellt, mit mehr Ausdauer und gr\u00f6\u00dferem Antrieb. Es enth\u00e4lt bekannte Zutaten wie Horny Goat Weed und Tongkat Ali, die oft zur Unterst\u00fctzung der m\u00e4nnlichen Gesundheit verwendet werden.<\/p>\r\n<p class=\"\" data-start=\"4315\" data-end=\"4715\">Es bietet gutes Preis-Leistungs-Verh\u00e4ltnis mit g\u00fcnstigen Preisen, Rabatten bei gr\u00f6\u00dferen Bestellungen und einer 60-t\u00e4gigen Geld-zur\u00fcck-Garantie. Auch wenn die Ergebnisse individuell unterschiedlich sein k\u00f6nnen, berichten viele Nutzer positiv. Wenn du ein nat\u00fcrliches Produkt zur Leistungssteigerung suchst, kannst du Vigora XL ausprobieren. Du kannst es direkt auf der Offiziellen Website kaufen.<\/p>\r\n<p class=\"\" data-start=\"4453\" data-end=\"4632\"><\/p>\r\n\r\n<h2 class=\"wp-block-heading\"><strong>Vigora XL Bewertung \u2013 H\u00e4ufig gestellte Fragen (FAQs)<\/strong><\/h2>\r\n<p class=\"\" data-start=\"6682\" data-end=\"7012\"><strong data-start=\"6682\" data-end=\"6735\">F: Wie schnell sehe ich Ergebnisse mit Vigora XL?<\/strong><br data-start=\"6735\" data-end=\"6738\" \/>A: Die Ergebnisse k\u00f6nnen von Person zu Person unterschiedlich sein. Einige Menschen bemerken Ver\u00e4nderungen schon nach ein paar Wochen, w\u00e4hrend andere l\u00e4nger warten m\u00fcssen. Die regelm\u00e4\u00dfige Einnahme verbessert die Wahrscheinlichkeit, dass du die gew\u00fcnschten Ergebnisse siehst.<\/p>\r\n<p class=\"\" data-start=\"7014\" data-end=\"7292\"><strong data-start=\"7014\" data-end=\"7055\">F: Ist Vigora XL sicher zu verwenden?<\/strong><br data-start=\"7055\" data-end=\"7058\" \/>A: Ja, Vigora XL enth\u00e4lt nur nat\u00fcrliche Zutaten und wird nach strengen Qualit\u00e4tsrichtlinien produziert. Es gilt als sicher, aber wer gesundheitliche Probleme hat oder Medikamente nimmt, sollte vor der Einnahme einen Arzt konsultieren.<\/p>\r\n<p class=\"\" data-start=\"7294\" data-end=\"7543\"><strong data-start=\"7294\" data-end=\"7370\">F: Kann ich Vigora XL mit anderen Nahrungserg\u00e4nzungsmitteln kombinieren?<\/strong><br data-start=\"7370\" data-end=\"7373\" \/>A: Ja, aber es ist wichtig, die Zutatenliste zu pr\u00fcfen, um Doppelungen zu vermeiden. Es ist auch ratsam, vor der Kombination mit anderen Erg\u00e4nzungen einen Arzt zu fragen.<\/p>\r\n<p class=\"\" data-start=\"7545\" data-end=\"7748\"><strong data-start=\"7545\" data-end=\"7581\">F: Wo kann ich Vigora XL kaufen?<\/strong><br data-start=\"7581\" data-end=\"7584\" \/>A: Der sicherste Ort f\u00fcr den Kauf von Vigora XL ist die offizielle Website, um sicherzustellen, dass du das authentische Produkt erh\u00e4ltst und Rabatte nutzen kannst.<\/p>\r\n<p class=\"\" data-start=\"7750\" data-end=\"7956\"><strong data-start=\"7750\" data-end=\"7808\">F: Gibt es eine R\u00fcckerstattungsgarantie f\u00fcr Vigora XL?<\/strong><br data-start=\"7808\" data-end=\"7811\" \/>A: Ja, Vigora XL bietet eine 60-Tage-Geld-zur\u00fcck-Garantie. Wenn du mit dem Produkt nicht zufrieden bist, kannst du eine R\u00fcckerstattung anfordern.<\/p>\r\n<p class=\"\" data-start=\"4453\" data-end=\"4632\"><\/p>\r\n<p class=\"\" data-start=\"1726\" data-end=\"1998\"><\/p>\r\n\r\n\r\n\r\n<p class=\"\" data-start=\"2384\" data-end=\"2456\"><\/p>","protected":false},"excerpt":{"rendered":"<p>Vigora XL Bewertung Die Leistung im Bett ist nicht mehr wie fr\u00fcher? Deine Ausdauer ist geringer, und du f\u00fchlst dich unsicher? Das passiert vielen M\u00e4nnern. Deshalb wird Vigora XL angeboten \u2013 als Hilfe f\u00fcr mehr Libido und Kraft. Doch ist das nur Werbung? Oder steckt etwas dahinter? Erfahre hier mehr. Vigora XL \u2013 Wirkungen und &#8230; <a title=\"Vigora XL\" class=\"read-more\" href=\"https:\/\/zahnarztpraxis-cernovsky.de\/apotheke\/product\/vigora-xl\/\" aria-label=\"Mehr Informationen \u00fcber Vigora XL\">Weiterlesen<\/a><\/p>\n","protected":false},"featured_media":58,"comment_status":"open","ping_status":"closed","template":"","meta":[],"product_brand":[],"product_cat":[18],"product_tag":[],"class_list":{"0":"post-57","1":"product","2":"type-product","3":"status-publish","4":"has-post-thumbnail","6":"product_cat-maennergesundheit","8":"first","9":"instock","10":"sale","11":"shipping-taxable","12":"product-type-external"},"_links":{"self":[{"href":"https:\/\/zahnarztpraxis-cernovsky.de\/apotheke\/wp-json\/wp\/v2\/product\/57","targetHints":{"allow":["GET"]}}],"collection":[{"href":"https:\/\/zahnarztpraxis-cernovsky.de\/apotheke\/wp-json\/wp\/v2\/product"}],"about":[{"href":"https:\/\/zahnarztpraxis-cernovsky.de\/apotheke\/wp-json\/wp\/v2\/types\/product"}],"replies":[{"embeddable":true,"href":"https:\/\/zahnarztpraxis-cernovsky.de\/apotheke\/wp-json\/wp\/v2\/comments?post=57"}],"wp:featuredmedia":[{"embeddable":true,"href":"https:\/\/zahnarztpraxis-cernovsky.de\/apotheke\/wp-json\/wp\/v2\/media\/58"}],"wp:attachment":[{"href":"https:\/\/zahnarztpraxis-cernovsky.de\/apotheke\/wp-json\/wp\/v2\/media?parent=57"}],"wp:term":[{"taxonomy":"product_brand","embeddable":true,"href":"https:\/\/zahnarztpraxis-cernovsky.de\/apotheke\/wp-json\/wp\/v2\/product_brand?post=57"},{"taxonomy":"product_cat","embeddable":true,"href":"https:\/\/zahnarztpraxis-cernovsky.de\/apotheke\/wp-json\/wp\/v2\/product_cat?post=57"},{"taxonomy":"product_tag","embeddable":true,"href":"https:\/\/zahnarztpraxis-cernovsky.de\/apotheke\/wp-json\/wp\/v2\/product_tag?post=57"}],"curies":[{"name":"wp","href":"https:\/\/api.w.org\/{rel}","templated":true}]}}